11
In base 9, what is 7 - 538746384?
-538746376
In base 9, what is -2628 - -1341731?
1338102
In base 12, what is 335 + 25829?
25b62
In base 4, what is -11 - -3330221301?
3330221230
In base 8, what is -2737652 + 72?
-2737560
In base 4, what is -10 - 1100221233101?
-1100221233111
In base 6, what is -105554332135 + 3?
-105554332132
In base 7, what is 31360503 + -322?
31360151
In base 5, what is -2 + 1033024002?
1033024000
In base 10, what is 60893246 + 8?
60893254
In base 15, what is 1 + 59ec94e?
59ec950
In base 7, what is -32154 - 110304?
-142461
In base 15, what is 188c + -1cb3?
-426
In base 15, what is -bc5 - -19c8?
d03
In base 12, what is -107 + 54b31?
54a26
In base 13, what is -8 - -885a5?
8859a
In base 3, what is -102210022102001112 - 2?
-102210022102001121
In base 3, what is -1012200001 + -110?
-1012200111
In base 7, what is 1614 + 6654660?
6656604
In base 9, what is 14216 - -1023?
15240
In base 5, what is -14442 - 202020?
-222012
In base 10, what is -1209 - -107052?
105843
In base 13, what is 5962a + 57?
59684
In base 3, what is 22202200002 + -10?
22202122222
In base 4, what is 32112 - -12221010?
12313122
In base 3, what is -11020 - 10012001200?
-10012012220
In base 3, what is 21112101100222 - 10?
21112101100212
In base 10, what is -2 - -163521?
163519
In base 2, what is -11 + -1010100111110010001101000?
-1010100111110010001101011
In base 5, what is -24 + -42000241?
-42000320
In base 4, what is 2111003003 + 33?
2111003102
In base 15, what is -40273e + -48?
-402787
In base 7, what is 136305403 + -3?
136305400
In base 14, what is 66 + 15518c?
155214
In base 6, what is -411 - -3522032?
3521221
In base 6, what is -1345 + -1145220?
-1151005
In base 2, what is -11110 - -100001000011011?
100000111111101
In base 3, what is 10001111202022 + 1?
10001111202100
In base 14, what is 4 - 13a552a?
-13a5526
In base 9, what is 26035524 + 2?
26035526
In base 5, what is -2114414411 + 2?
-2114414404
In base 15, what is -259083 - -6?
-25907c
In base 7, what is 20664 - -22646?
43643
In base 5, what is 222 + -1312341134?
-1312340412
In base 2, what is 100 - -101110001010011110110111?
101110001010011110111011
In base 10, what is -102007919 + 0?
-102007919
In base 5, what is -40123 + 3334210?
3244032
In base 6, what is 21154 - 310?
20444
In base 10, what is -20950 - 15416?
-36366
In base 10, what is 5 + -2106254?
-2106249
In base 7, what is -5 - 521614565?
-521614603
In base 6, what is 242221 + 144421?
431042
In base 5, what is 211 + 3032424243?
3032430004
In base 14, what is -1 + 17d14d1?
17d14d0
In base 11, what is -329642 - -17?
-329626
In base 4, what is -2303 - 111323231?
-111332200
In base 12, what is 0 - -86ba66?
86ba66
In base 15, what is -d4 - 5b136?
-5b21a
In base 4, what is 3 + 31330012231?
31330012300
In base 11, what is 120625 + -49?
120587
In base 14, what is 11d300 + -105?
11d1d9
In base 12, what is -199a4624 - 0?
-199a4624
In base 11, what is 9211 - -2610?
10821
In base 13, what is -b255 - a7?
-b32c
In base 15, what is 853b - -182?
86bd
In base 8, what is 22442 + -6670?
13552
In base 4, what is -211131 + 11332012?
11120221
In base 7, what is 11123001 + 14?
11123015
In base 14, what is -4 + -564c65?
-564c69
In base 5, what is -40400 - -101410432?
101320032
In base 13, what is -82 - -1251b6?
125134
In base 14, what is 5 + -326584b?
-3265846
In base 4, what is -202002033100 - -112?
-202002032322
In base 14, what is -369aa - 45?
-36a11
In base 11, what is -131436 + -240?
-131676
In base 16, what is -3ddb + -9a3?
-477e
In base 6, what is -133501 - -113000?
-20501
In base 6, what is -303330 - 31155?
-334525
In base 15, what is 5ba33e + 0?
5ba33e
In base 9, what is 187 - -4504140?
4504337
In base 13, what is 2 - -2c208aa?
2c208ac
In base 11, what is 5 - -2322812?
2322817
In base 2, what is 1010100111001011 + -111100110010?
1001101010011001
In base 2, what is -100 - -10001100010110111011111?
10001100010110111011011
In base 16, what is -1f2 + 1083a?
10648
In base 12, what is bb7a4 + -19?
bb787
In base 13, what is -42436b + -4?
-424372
In base 5, what is 0 - 1022344441?
-1022344441
In base 9, what is 157 + -128747?
-128580
In base 8, what is 12 + -26574124?
-26574112
In base 3, what is -2120020210121220 + -1?
-2120020210121221
In base 8, what is 440 - -36714?
37354
In base 2, what is -1001010 - -1010011001011001110?
1010011001010000100
In base 10, what is 1659 - -72856?
74515
In base 15, what is -1 + 43028c9?
43028c8
In base 11, what is -6152210 + -28?
-6152238
In base 5, what is -1331 - 233032132?
-233034013
In base 8, what is -44 + 3523433?
3523367
In base 14, what is 164c56 - -c?
164c64
In base 16, what is 1 - -20726d?
20726e
In base 6, what is 44323 + -1040424?
-552101
In base 4, what is -10322301320 - -3013?
-10322232301
In base 12, what is 764838 - -19?
764855
In base 4, what is 10022 - 30302220?
-30232132
In base 2, what is 1100010101011001100 + 100?
1100010101011010000
In base 15, what is 8547 - 2e64?
55d3
In base 3, what is 20111012 + 1020121?
21201210
In base 14, what is 6d79a + -2c?
6d76c
In base 7, what is -112465 - 54?
-112552
In base 13, what is c169 + -1?
c168
In base 14, what is 596b7 - d?
596a8
In base 14, what is 13434 - -5b8a?
191c0
In base 13, what is -5094b - 21?
-5096c
In base 16, what is -81 - -ae03c?
adfbb
In base 15, what is -1152 - 107?
-1259
In base 13, what is -7769c86 - 7?
-7769c90
In base 5, what is -243411201 + -244?
-243412000
In base 15, what is -893b0d + 4?
-893b09
In base 4, what is 31013021121 + -2?
31013021113
In base 3, what is 112012202 + 2111222100?
10001012002
In base 4, what is 3 - -12022312121?
12022312130
In base 7, what is 1105665 + -14254?
1061411
In base 15, what is 239 - 4c61?
-4a27
In base 14, what is -1b6 + -429c6?
-42b9c
In base 9, what is -3 - -37262152?
37262148
In base 5, what is 341143 - 34220?
301423
In base 16, what is 3388 - 4e?
333a
In base 13, what is -16c + -7ccb?
-816a
In base 11, what is -66 - -143840a?
1438354
In base 7, what is -61 - 1231412?
-1231503
In base 6, what is -1 - 32442552523?
-32442552524
In base 10, what is -1339 - 34079?
-35418
In base 3, what is 120202 - -12011001222?
12011122201
In base 4, what is 102 - 111230301?
-111230133
In base 14, what is -c2a87 + -20?
-c2aa7
In base 11, what is 9 - -25647938?
25647946
In base 9, what is -35171081 - 1?
-35171082
In base 13, what is 9 - -9bcb8b?
9bcb97
In base 15, what is 282cc8d8 + 5?
282cc8dd
In base 4, what is -30212 + -2021303210?
-2022000022
In base 5, what is 3002 + 201322?
204324
In base 10, what is -39990 - -11004?
-28986
In base 9, what is 331351 + -11?
331340
In base 4, what is 23031300 - -112133?
23210033
In base 14, what is 4774 - -ba46?
123ba
In base 5, what is 3 - -424044403?
424044411
In base 8, what is -1503 - -1237?
-244
In base 14, what is -697964 + -ac?
-697a32
In base 15, what is 769a - 3e?
765b
In base 11, what is -1 - 889499?
-88949a
In base 6, what is -1532501231 - -4?
-1532501223
In base 15, what is 6 - -5079da?
5079e1
In base 6, what is 20445132045 + -3?
20445132042
In base 9, what is -45 - -81261?
81215
In base 4, what is 2300200223222 + 0?
2300200223222
In base 6, what is -1135040 + 24400?
-1110240
In base 16, what is -1eff - -63b?
-18c4
In base 10, what is 7066 - -746?
7812
In base 13, what is -40 - 4a63bb9?
-4a63c29
In base 8, what is -140 - 115646?
-116006
In base 12, what is -970b2 - -904?
-963aa
In base 15, what is 807c6b3 - 4?
807c6ae
In base 7, what is 266 - 2513342?
-2513043
In base 11, what is 386 - -59459?
59834
In base 6, what is 34224021000 + 3?
34224021003
In base 6, what is -420500314 + -3?
-420500321
In base 3, what is 1112 - 12102201000212?
-12102200222100
In base 8, what is -107 - 22014651?
-22014760
In base 7, what is 241461615 + 3?
241461621
In base 3, what is 2 - -22221202110010?
22221202110012
In base 4, what is 1002131100130 - 1?
1002131100123
In base 13, what is 143a68 + 19?
143a84
In base 5, what is -11422321042 - -2?
-11422321040
In base 11, what is -5 + 6543a02?
65439a8
In base 12, what is -5 + 475968b8?
475968b3
In base 14, what is -1264 - 4a14?
-5c78
In base 2, what is 1011 - 1001100011001000110?
-1001100011000111011
In base 10, what is 17597270 + -6?
17597264
In base 15, what is -2 - -19ac442?
19ac440
In base 5, what is 1022012 + 2313?
1024330
In base 9, what is -1008005 + -38?
-1